833771 composite?
False
Is 914786 prime?
False
Is 1087781 composite?
False
Is 171964885 composite?
True
Is 15500057 prime?
True
Is 273014881 prime?
False
Is 56464367 a prime number?
False
Is 46678202 prime?
False
Is 20723443 prime?
False
Is 89458543 a composite number?
False
Is 145532489 a prime number?
True
Is 16356257 prime?
False
Is 334907459 a composite number?
True
Is 296106843 composite?
True
Is 269587481 composite?
False
Is 586849 a prime number?
True
Is 7080523 composite?
False
Is 11153407 a prime number?
True
Is 15751009 composite?
True
Is 10989203 prime?
True
Is 71191909 prime?
False
Is 533653847 composite?
False
Is 79803307 a composite number?
True
Is 14048071 a composite number?
False
Is 472605209 prime?
False
Is 22093069 prime?
True
Is 58169357 a composite number?
False
Is 3165269 a composite number?
False
Is 88353989 composite?
False
Is 24754801 a prime number?
True
Is 106270081 a prime number?
True
Is 21162697 a prime number?
True
Is 15187633 composite?
True
Is 1896737 composite?
False
Is 38271979 composite?
True
Is 4649234 composite?
True
Is 10468781 a prime number?
True
Is 241741237 prime?
False
Is 1994299 a composite number?
False
Is 259787483 prime?
False
Is 8168533 prime?
True
Is 22003679 composite?
False
Is 572003779 prime?
True
Is 761036797 composite?
False
Is 39051101 a prime number?
True
Is 54652289 a prime number?
True
Is 3086849 a composite number?
True
Is 151316185 prime?
False
Is 543570761 a prime number?
False
Is 74736587 a prime number?
True
Is 410065465 prime?
False
Is 365039 prime?
True
Is 190158559 a prime number?
True
Is 37396841 a composite number?
True
Is 3472349 prime?
True
Is 60637537 prime?
True
Is 3903539 a composite number?
False
Is 3984755 composite?
True
Is 29997269 prime?
False
Is 1905269 a composite number?
False
Is 117644767 prime?
True
Is 678329 composite?
False
Is 2924513 a composite number?
False
Is 20759201 composite?
False
Is 76300969 a composite number?
True
Is 2115491 composite?
True
Is 2460371 a prime number?
False
Is 305486843 a prime number?
True
Is 386848529 a prime number?
True
Is 7661471 composite?
False
Is 13698287 a composite number?
True
Is 7540543 a composite number?
True
Is 185772913 a prime number?
False
Is 1814209 prime?
False
Is 631447 a composite number?
True
Is 113021999 composite?
True
Is 219027683 prime?
False
Is 858877 a composite number?
False
Is 28236347 composite?
False
Is 4572979 prime?
True
Is 14665307 a composite number?
False
Is 326471 a composite number?
True
Is 2547791 a composite number?
False
Is 13779083 a composite number?
True
Is 37547621 a composite number?
False
Is 3868651 a composite number?
True
Is 7829201 a composite number?
False
Is 1210595 a composite number?
True
Is 5311217 a composite number?
False
Is 112056773 a prime number?
False
Is 7870817 prime?
True
Is 77615947 prime?
False
Is 66959807 composite?
False
Is 14545117 composite?
False
Is 146123 a composite number?
True
Is 10625473 a prime number?
True
Is 124343671 a prime number?
False
Is 2816053 a prime number?
True
Is 384889 prime?
True
Is 4810261 composite?
False
Is 2648203 a prime number?
False
Is 44111807 composite?
True
Is 7682321 a prime number?
True
Is 973253 a prime number?
True
Is 221552581 prime?
False
Is 9861457 prime?
False
Is 51705557 a prime number?
True
Is 60573233 a prime number?
False
Is 106243 a composite number?
False
Is 14670731 a prime number?
True
Is 9761899 a composite number?
True
Is 41759843 composite?
True
Is 82848251 prime?
True
Is 8746133 composite?
True
Is 4737487 composite?
False
Is 76809449 a prime number?
True
Is 11112197 a composite number?
True
Is 36985601 composite?
False
Is 758370023 a prime number?
True
Is 2052407 composite?
True
Is 82103671 composite?
True
Is 44749843 composite?
False
Is 6309973 a prime number?
True
Is 32154959 composite?
True
Is 25965581 prime?
False
Is 172040507 prime?
True
Is 603173 a composite number?
False
Is 5498219 composite?
True
Is 3353453 a composite number?
True
Is 8539889 a composite number?
False
Is 105685081 composite?
False
Is 3305473 a prime number?
True
Is 1090535 prime?
False
Is 610867003 a composite number?
True
Is 417032201 prime?
True
Is 398623657 prime?
True
Is 8409131 composite?
True
Is 30884366 a prime number?
False
Is 18844577 a prime number?
False
Is 3291049 composite?
True
Is 65341067 a prime number?
False
Is 44604211 prime?
True
Is 1986053 a composite number?
False
Is 57173 a composite number?
False
Is 75619337 prime?
True
Is 527848319 a composite number?
False
Is 326536946 a prime number?
False
Is 7353051 a prime number?
False
Is 285383663 prime?
False
Is 6383417 a prime number?
True
Is 957811 a composite number?
False
Is 11661361 a composite number?
False
Is 40585901 prime?
True
Is 3642427 a composite number?
False
Is 186697859 a prime number?
False
Is 156579649 prime?
False
Is 13261561 composite?
True
Is 1943059 composite?
False
Is 13217707 a prime number?
False
Is 62117281 a composite number?
True
Is 290409817 a composite number?
True
Is 3248507 a prime number?
False
Is 14610199 composite?
False
Is 11441291 prime?
True
Is 1214009 a composite number?
True
Is 585034 a composite number?
True
Is 23539559 prime?
True
Is 5567005 a composite number?
True
Is 2501605 a prime number?
False
Is 23115173 a prime number?
True
Is 55755793 prime?
False
Is 29394247 a prime number?
True
Is 491609839 a composite number?
True
Is 65948851 a composite number?
False
Is 7407457 a composite number?
False
Is 961339 composite?
False
Is 4824731 a composite number?
True
Is 44897327 prime?
True
Is 476579 composite?
False
Is 257443 a prime number?
True
Is 10234451 a prime number?
False
Is 3476257 composite?
False
Is 23375557 prime?
True
Is 3646173 a composite number?
True
Is 186491395 a prime number?
False
Is 32042159 composite?
False
Is 20255317 composite?
True
Is 31193013 a prime number?
False
Is 16633091 a composite number?
True
Is 2690711 composite?
False
Is 39472573 a prime number?
False
Is 1006949 a composite number?
False
Is 5587871 a composite number?
True
Is 309164279 composite?
True
Is 305955021 a composite number?
True
Is 1558061 a composite number?
False
Is 1536699869 composite?
False
Is 243836303 prime?
True
Is 15300809 composite?
False
Is 249594977 a prime number?
True
Is 6298687 prime?
False
Is 68418397 a composite number?
True
Is 3995479 prime?
False
Is 22643021 prime?
True
Is 52242139 a composite number?
True
Is 2078327 a composite number?
True
Is 4958979 a composite number?
True
Is 68311 a composite number?
False
Is 2884969 composite?
True
Is 448280533 a prime number?
True
Is 47418853 a prime number?
True
Is 12283573 a composite number?
False
Is 33916733 prime?
True
Is 9214363 prime?
True
Is 21779663 a composite number?
False
Is 524881649 a prime number?
True
Is 17297419 prime?
True
Is 13758787 a composite number?
True
Is 19474561 a prime number?
False
Is 22290031 a prime number?
True
Is 757692701 composite?
False
Is 2101523 a prime number?
False
Is 5298617 a prime number?
True
Is 91535167 a prime number?
False
Is 50053369 a prime number?
True
Is 14114461 prime?
True
Is 2762587 a composite number?
False
Is 137348039 composite?
False
Is 19414657 prime?
False
Is 61781011 a composite number?
True
Is 2545877 a composite number?
True
Is 1009039 a composite number?
True
Is 1595047 prime?
True
Is 2375413 composite?
True
Is 13511887 prime?
False
Is 6712099 prime?
False
Is 1890769 a prime number?
True
Is 247912291 a composite number?
True
Is 396715049 a prime number?
True
Is 439326067 a composite number?
False
Is 52034663 a prime number?
True
Is 857513 a composite number?
False
Is 28709371 composite?
True
Is 19987351 a prime number?
False
Is 43918621 composite?
True
Is 53280919 a composite number?
False
Is 560341 a prime number?
True
Is 2418121 a composite number?
True
Is 790263161 prime?
True
Is 71635181 a prime number?
True
Is 97850971 prime?
False
Is 26690551 prime?
True
Is 318177191 a composite number?
False
Is 64383623 a composite number?
True
Is 22343161 a prime number?
True
Is 559407 composite?
True
Is 1525127 a composite number?
True
Is 4554461 prime?
True
Is 471775873 prime?
True
Is 2968743 a composite number?
True
Is 10005929 composite?
False
Is 19949897 composite?
True
Is 2797609 a prime number?
False
Is 1785743 a prim